e 2) to base 7
-115
Convert 16 (base 14) to base 8.
24
What is -13 (base 7) in base 10?
-10
Convert 13 (base 6) to base 13.
9
What is 18 (base 10) in base 12?
16
What is 0 (base 14) in base 4?
0
What is 3 (base 12) in base 8?
3
Convert 0 (base 6) to base 2.
0
What is 74 (base 10) in base 3?
2202
Convert -20 (base 8) to base 16.
-10
What is -4 (base 10) in base 4?
-10
What is 243 (base 8) in base 10?
163
-15 (base 14) to base 2
-10011
-264 (base 10) to base 11
-220
What is -1 (base 4) in base 10?
-1
Convert -1 (base 9) to base 11.
-1
233 (base 4) to base 15
32
What is 22 (base 4) in base 5?
20
What is 100 (base 5) in base 9?
27
-1 (base 3) to base 8
-1
Convert -2 (base 12) to base 2.
-10
What is -29 (base 11) in base 13?
-25
Convert -22 (base 3) to base 12.
-8
What is 25 (base 9) in base 6?
35
Convert 16c (base 14) to base 10.
292
Convert -3 (base 5) to base 10.
-3
Convert 14 (base 6) to base 15.
a
Convert 112 (base 3) to base 13.
11
Convert -1 (base 12) to base 5.
-1
What is 18 (base 11) in base 14?
15
4 (base 5) to base 6
4
-90 (base 10) to base 4
-1122
Convert -11 (base 11) to base 5.
-22
Convert -8 (base 16) to base 11.
-8
10001010 (base 2) to base 13
a8
2 (base 16) to base 13
2
126 (base 11) to base 9
175
-6 (base 7) to base 6
-10
What is -5 (base 16) in base 14?
-5
50 (base 7) to base 16
23
20 (base 3) to base 14
6
10000 (base 3) to base 2
1010001
What is -9 (base 10) in base 2?
-1001
-4 (base 8) to base 11
-4
Convert -3 (base 7) to base 13.
-3
-1101000 (base 2) to base 7
-206
What is 4 (base 15) in base 12?
4
Convert 1120 (base 3) to base 11.
39
Convert 16a (base 13) to base 10.
257
Convert 3 (base 12) to base 14.
3
Convert -16 (base 7) to base 11.
-12
Convert 440 (base 5) to base 14.
88
Convert 111 (base 7) to base 14.
41
2a (base 14) to base 13
2c
What is 3 (base 7) in base 2?
11
45 (base 11) to base 6
121
What is -12 (base 3) in base 12?
-5
What is -1 (base 2) in base 9?
-1
Convert 4 (base 14) to base 13.
4
-5 (base 14) to base 11
-5
Convert 38 (base 10) to base 9.
42
Convert -173 (base 9) to base 4.
-2103
What is -10 (base 6) in base 3?
-20
What is 101 (base 4) in base 5?
32
What is 33 (base 4) in base 10?
15
-442 (base 6) to base 8
-252
What is -231 (base 5) in base 12?
-56
What is -3 (base 10) in base 14?
-3
2c (base 13) to base 8
46
Convert -10 (base 3) to base 4.
-3
-4 (base 9) to base 8
-4
Convert 11020 (base 3) to base 13.
8a
88 (base 11) to base 7
165
Convert 15 (base 14) to base 16.
13
Convert 116 (base 9) to base 14.
6c
What is 313 (base 6) in base 12?
99
7 (base 13) to base 5
12
Convert -5 (base 13) to base 7.
-5
What is 9 (base 12) in base 14?
9
What is 5c (base 13) in base 3?
2212
-10 (base 6) to base 9
-6
40 (base 11) to base 9
48
What is -11030 (base 4) in base 7?
-653
Convert 31 (base 7) to base 6.
34
What is -10001000 (base 2) in base 12?
-b4
Convert -3 (base 15) to base 3.
-10
Convert a1 (base 13) to base 10.
131
Convert -5 (base 8) to base 15.
-5
Convert -5b (base 12) to base 10.
-71
Convert -10 (base 8) to base 15.
-8
Convert -201 (base 4) to base 7.
-45
Convert -4 (base 8) to base 4.
-10
What is -1 (base 4) in base 13?
-1
17 (base 13) to base 6
32
333 (base 4) to base 10
63
Convert 1 (base 11) to base 6.
1
Convert -43 (base 11) to base 12.
-3b
Convert -8 (base 9) to base 15.
-8
What is 91 (base 10) in base 16?
5b
What is -31 (base 4) in base 16?
-d
Convert -1022 (base 4) to base 16.
-4a
Convert -26 (base 15) to base 7.
-51
What is 0 (base 9) in base 12?
0
What is 122 (base 3) in base 2?
10001
-14 (base 11) to base 8
-17
Convert 1 (base 11) to base 8.
1
-a6 (base 14) to base 12
-102
Convert -21 (base 5) to base 15.
-b
What is 231 (base 9) in base 11?
163
Convert -101 (base 2) to base 13.
-5
-2 (base 6) to base 8
-2
Convert 88 (base 15) to base 16.
80
Convert 12 (base 15) to base 6.
25
What is 22 (base 10) in base 3?
211
28 (base 14) to base 16
24
Convert 5 (base 12) to base 16.
5
Convert 1 (base 6) to base 9.
1
-230 (base 5) to base 9
-72
120 (base 8) to base 13
62
What is -2 (base 4) in base 8?
-2
What is -220 (base 5) in base 2?
-111100
Convert -102 (base 3) to base 5.
-21
What is -4 (base 6) in base 3?
-11
1022 (base 3) to base 2
100011
Convert -1 (base 15) to base 8.
-1
Convert 112 (base 4) to base 6.
34
What is -12 (base 8) in base 10?
-10
What is 11 (base 5) in base 6?
10
What is -10 (base 2) in base 8?
-2
24 (base 5) to base 15
e
What is -130 (base 5) in base 10?
-40
Convert 368 (base 9) to base 12.
215
4 (base 16) to base 4
10
Convert -58 (base 14) to base 6.
-210
Convert 0 (base 15) to base 11.
0
What is -10 (base 2) in base 11?
-2
Convert -2 (base 10) to base 15.
-2
What is 5 (base 15) in base 8?
5
64 (base 7) to base 10
46
Convert 4 (base 12) to base 7.
4
Convert -4 (base 5) to base 4.
-10
Convert -145 (base 10) to base 8.
-221
Convert 5 (base 7) to base 3.
12
-1301 (base 5) to base 16
-c9
-e (base 16) to base 8
-16
Convert 52 (base 14) to base 13.
57
Convert 0 (base 12) to base 5.
0
What is 13 (base 11) in base 7?
20
What is -11 (base 5) in base 12?
-6
-3 (base 16) to base 8
-3
4 (base 10) to base 3
11
What is -1 (base 6) in base 9?
-1
Convert 45 (base 14) to base 16.
3d
-102 (base 3) to base 16
-b
Convert -27 (base 12) to base 14.
-23
Convert 3 (base 12) to base 3.
10
What is -1 (base 16) in base 10?
-1
-3 (base 16) to base 6
-3
What is -5 (base 14) in base 13?
-5
Convert 201 (base 5) to base 15.
36
Convert 6b (base 12) to base 7.
146
Convert 301 (base 4) to base 7.
100
Convert -220 (base 4) to base 7.
-55
What is -22 (base 10) in base 15?
-17
-18a (base 11) to base 7
-432
Convert -3 (base 4) to base 8.
-3
-100011 (base 2) to base 16
-23
Convert 7 (base 13) to base 12.
7
Convert -70 (base 11) to base 10.
-77
101 (base 3) to base 8
12
What is -101 (base 4) in base 10?
-17
-52 (base 10) to base 13
-40
a9 (base 11) to base 15
7e
4 (base 13) to base 16
4
What is 1c (base 15) in base 8?
33
231 (base 7) to base 16
78
Convert 3 (base 8) to base 2.
11
18 (base 10) to base 12
16
Convert 0 (base 5) to base 14.
0
What is 104 (base 5) in base 9?
32
Convert -20121 (base 3) to base 13.
-109
What is -1 (base 10) in base 6?
-1
Convert -20 (base 6) to base 5.
-22
What is 3 (base 11) in base 15?
3
132 (base 6) to base 16
38
What is 2 (base 7) in base 6?
2
-112 (base 3) to base 5
-24
131 (base 7) to base 15
4b
What is -83 (base 9) in base 16?
-4b
Convert -18 (base 14) to base 12.
-1a
What is 60 (base 12) in base 7?
132
Convert 97 (base 10) to base 3.
10121
Convert -34 (base 8) to base 10.
-28
Convert 56 (base 8) to base 10.
46
What is 10 (base 3) in base 12?
3
Convert 15 (base 16) to base 10.
21
Convert -159 (base 11) to base 6.
-505
What is -201 (base 3) in base 13?
-16
2 (base 6) to base 13
2
What is 17 (base 11) in base 4?
102
Convert 0 (base 4) to base 9.
0
-20 (base 3) to base 16
-6
What is 66 (base 12) in base 8?
116
Convert 22 (base 15) to base 4.
200
What is -17 (base 15) in base 7?
-31
Convert -2 (base 14) to base 4.
-2
Convert -30 (base 6) to base 4.
-102
-21 (base 4) to base 2
-1001
Convert -2b (base 13) to base 8.
-45
42 (base 16) to base 2
1000010
Convert 13 (base 11) to base 13.
11
What is -41 (base 5) in base 9?
-23
Convert -7 (base 9) to base 11.
-7
Convert 17 (base 11) to base 4.
102
What is -1 (base 11) in base 7?
-1
Convert -184 (base 11) to base 3.
-21220
-43 (base 5) to base 3
-212
9 (base 11) to base 15
9
Convert -22 (base 6) to base 14.
-10
What is 1 (base 3) in base 8?
1
What is 7 (base 11) in base 5?
12
What is -15 (base 8) in base 5?
-23
Convert 0 (base 11) to base 8.
0
What is -122 (base 15) in base 14?
-145
What is -136 (base 9) in base 4?
-1302
What is 1221 (base 4) in base 5?
410
What is -16 (base 8) in base 16?
-e
Convert 242 (base 9) to base 7.
404
3 (base 14) to base 8
3
1 (base 3) to base 16
1
Convert 33 (base 7) to base 13.
1b
What is 101 (base 5) in base 14?
1c
7 (base 9) to base 13
7
Convert 52 (base 7) to base 9.
41
3d (base 15) to base 6
134
110 (base 6) to base 8
52
Convert -100 (base 2) to base 16.
-4
Convert -205 (base 8) to base 6.
-341
0 (base 14) to base 13
0
What is -3323 (base 4) in base 7?
-506
Convert -98 (base 10) to base 16.
-62
c5 (base 15) to base 3
20212
-2010 (base 4) to base 7
-246
Convert 1 (base 2) to base 16.
1
What is 3 (base 4) in base 13?
3
Convert -cc (b